p(b) = 5*b + 1. What is the remainder when 29 is divided by p(1)?
5
Let m = -26 + 47. Let r = 105 - 93. Calculate the remainder when m is divided by r.
9
Suppose 0 = -c + 2*v - 2, -2*c - 4*v = -15 - 13. What is the remainder when 25 is divided by 12 - -1*c/(-2)?
7
Suppose 0 = -4*f + 2*u + 22, 4*f + 0*u = u + 23. Suppose -f*c + 4 = -4*c. What is the remainder when 4 is divided by c?
0
Let x = 5 - -4. Let m(h) = 6*h**2 - h**3 - x*h**2 - 1 + 3 - 9*h**2. Calculate the remainder when 5 is divided by m(-12).
1
Suppose 0 = 2*x - 1 - 9. Calculate the remainder when 14 is divided by x.
4
Suppose z - 3*j - 21 = -9, -2*j + 2 = z. Suppose 4*a + 8 = z*t - 3*t, 12 = 3*a. Calculate the remainder when 29 is divided by t.
5
Let q be 1/(-2) + (-54)/(-4). Let l = q + -7. What is the remainder when 17 is divided by l?
5
Let w(i) = -i**2 - 12*i - 8. Let o be w(-10). Suppose 0*t - 2*t + 2*d = -o, 0 = 2*t + d. Calculate the remainder when 3 is divided by t.
1
Suppose -4*i + 5 = -4*a - 7, 0 = -4*i - 4*a + 12. Let d = -1 + i. Suppose 7 = d*f - 15. What is the remainder when f is divided by 6?
5
Let c be (16/(-20))/((-2)/25). Suppose 2*n = 4*n - c. Calculate the remainder when 17 is divided by n.
2
Suppose -2*n + 0 - 10 = 0. Let u be 10/4*(-6)/n. Suppose 0 = -u*g + 54 - 21. What is the remainder when 20 is divided by g?
9
What is the remainder when ((-851)/(-22) - (-2)/(-11))*2 is divided by 40?
37
Suppose 0 = -q + 2, 12 = -3*p + 4*q - 2. What is the remainder when 29 is divided by p + ((-21)/(-3) - -3)?
5
Suppose -12 = 6*z - 84. Calculate the remainder when 35 is divided by z.
11
Let n(i) = 6*i**3 + 2*i**2 + 4*i - 5. What is the remainder when n(2) is divided by 2*(-1 + (0 - -11))?
19
Let l = -186 + 295. Calculate the remainder when l is divided by 10.
9
Let w be -7*2 + (0 - 0). Let z = w + 24. What is the remainder when 28 is divided by z?
8
Suppose -10*t + 14*t - 32 = 0. Suppose 0 = -3*b + 5*j + 91, 81 = -3*b + 6*b - 3*j. Calculate the remainder when b is divided by t.
6
Let i = -8 + 4. Suppose -v = -3*v + 34. What is the remainder when v is divided by (12/5)/(i/(-10))?
5
Suppose -89 = -26*o + 25*o. Calculate the remainder when o is divided by 13.
11
Let l = -46 - -56. What is the remainder when l is divided by 3?
1
Let u = 29 - 1. What is the remainder when u is divided by 9?
1
Suppose -5*m + c + 28 = 0, -4 = -0*m + m + 3*c. Suppose 0 = -i + 4*i - 78. What is the remainder when -2*(i/4)/(-1) is divided by m?
3
Suppose 4*l = -3*d + 3 + 11, -5*l + 2 = -4*d. What is the remainder when ((-25)/d)/(5/(-10)) is divided by 7?
4
Suppose 60 = -3*j - 18. What is the remainder when (-3)/2*j - 0 is divided by (-82)/(-8) - (-1)/(-4)?
9
Calculate the remainder when 53 is divided by 12/9*(-54)/(-4).
17
Suppose 3*c + 4*q = -8 - 10, 5*q + 11 = 2*c. Let w be (-14 - -1)/(1/c). Let m = w - 13. What is the remainder when m is divided by 5?
3
Suppose -v + 21 = -12. What is the remainder when v is divided by 9?
6
Let a = -3 + 35. What is the remainder when a is divided by 11?
10
Let q(s) = 3*s**2 + 6*s. Suppose 4 = -3*k - 8. Let f(v) = v**3 - 6*v**2 + 2*v - 3. Calculate the remainder when q(k) is divided by f(6).
6
Suppose 3*t = -2*b + 7*b + 9, 2*b = 0. Suppose 150 = 3*v - 4*v + 4*r, 2*v + t*r = -245. What is the remainder when v/(-18) - (-10)/(-45) is divided by 3?
1
Let v be (-38)/(((-8)/(-2))/(-4)). Suppose 0 = 4*k - 146 + v. Calculate the remainder when 51 is divided by k.
24
Let j(w) = w + 3. Suppose -5*a = -15 - 0. Suppose -a*p = 11 - 146. Calculate the remainder when p is divided by j(9).
9
Let s = 1 - -1. Suppose 13 + 11 = s*u. Let o = 59 - 36. What is the remainder when o is divided by u?
11
Suppose -5 + 61 = 4*p. Calculate the remainder when 54 is divided by p.
12
Calculate the remainder when 15 is divided by (4 - -2)/(2/3).
6
Calculate the remainder when 73 is divided by (1/(-3))/((-4)/228).
16
Let n = -52 - -81. Let z = -40 + 50. What is the remainder when n is divided by z?
9
Suppose -4 = -2*a - 3*s + 7, -18 = -3*a - 5*s. Calculate the remainder when 4 is divided by (a - -2) + 0/2.
1
Let h be (-14)/6 + 2/6. Let z be ((-32)/24)/(h/(-6)). Let y = 11 + z. Calculate the remainder when 19 is divided by y.
5
Let q = 67 + -29. What is the remainder when q is divided by 20?
18
Let n = 7 - 11. Let f be (-3)/(6/n) + -3. Let s = 3 + f. Calculate the remainder when 4 is divided by s.
0
Let f be 1 - -1 - -1 - 1. Let u be 3*78/9*1. Suppose -2 = -f*r + u. Calculate the remainder when r is divided by 5.
4
Let u = -33 - -45. Calculate the remainder when 59 is divided by u.
11
Suppose 1 - 2 = v + 3*w, -4*w = -4*v + 12. Suppose 10 + 2 = v*b. What is the remainder when 15 is divided by b?
3
Let b(s) = -s**2 + 4*s + 1. Let z(u) be the first derivative of u**3/3 - 3*u**2/2 + 3. Calculate the remainder when z(5) is divided by b(3).
2
Let d = 149 + -30. What is the remainder when d is divided by 24?
23
What is the remainder when ((-63)/(-6))/7*(6 + 0) is divided by 4?
1
Let g(i) = i**3 - 2*i**2 - 2*i + 9. Let x be g(4). Let s = 48 - x. Calculate the remainder when 59 is divided by s.
14
Calculate the remainder when 4760/50 + (1 + 0)/(-5) is divided by 49.
46
Suppose 2*r = 6 + 22. What is the remainder when 24 is divided by r?
10
Suppose -2*f - 4*n = -18, 3*f - n - 48 = -0*n. Let a = f + -2. What is the remainder when 23 is divided by a?
10
Suppose 0 = 2*h + 2*t - 2, -4*h = h + 4*t. Let m = 22 - h. Calculate the remainder when m is divided by 7.
5
Suppose -176 = -28*u + 12*u. Let h(k) = -3*k**3 + k**2 - 3*k - 2. Calculate the remainder when h(-2) is divided by u.
10
Let c be (-7)/(-21) + 58/6. What is the remainder when ((-148)/c)/(12/(-30)) is divided by 13?
11
Let h be (-25)/10*4/(-5). Suppose -h*y - 9 = y, -2*t + 4*y + 48 = 0. What is the remainder when t is divided by 1*2/4*14?
4
Suppose -2*s - s + 72 = 0. Suppose 16 = f - 2*u, -5*f + 4*u + s = -4*f. What is the remainder when 12 is divided by f?
4
Let b be (5 - 8) + 5*1. Suppose f = b*f - 7. What is the remainder when f is divided by 2?
1
Suppose -10*l + 364 = 3*l. What is the remainder when 55 is divided by l?
27
Let r(g) = 44*g**2 + g - 1. Calculate the remainder when r(1) is divided by 12.
8
Suppose -2*m - 114 = -4*m. What is the remainder when m is divided by 15?
12
Let n(k) = -2*k + 8. Suppose 3*f - 3*o = -12, 4*f - 2*o + 5 = -1. Calculate the remainder when n(-10) is divided by f - 0 - (-18)/2.
8
Let c(o) = -o**2 - 5*o - 1. Suppose 5*a + 3*q + 13 = 0, 4*q = 4*a - 0*q + 36. Let z be c(a). Calculate the remainder when 5 is divided by z - 1/(1/(-4)).
2
Let t(d) = 9*d**2 + d + 4. Let k(i) = -4*i**2 - i - 2. Let p(m) = -7*k(m) - 3*t(m). Suppose 31 = 4*a - 21. Calculate the remainder when a is divided by p(-5).
6
Let z = 14 - 8. Let u = 8 - z. Suppose 0*s + 128 = u*s. Calculate the remainder when s is divided by 22.
20
Let z(p) = -2*p - 1 - p + 6*p**2 - 5*p**2 - 2*p**2. Calculate the remainder when z(-2) is divided by 1.
0
Let m be 1*(1 + -3 + -85). Let y = 137 + m. What is the remainder when y is divided by 17?
16
Let q(g) = -7 + 35*g**3 - g**2 + 0 + 8. Calculate the remainder when q(1) is divided by 19.
16
Suppose -9*s = -6*s - 54. Suppose -69 = -2*m + m. What is the remainder when m is divided by s?
15
Let f be 0 - 6/(-1) - 2. Suppose 2*a - f*l + 12 - 42 = 0, 0 = -3*a + 4*l + 35. What is the remainder when 13 is divided by a?
3
Let b = 29 - 14. Let s(y) = -y**3 - 4*y**2 + 2*y - 7. What is the remainder when b is divided by s(-5)?
7
Let y(r) = r**2 + 4*r + 2. Calculate the remainder when y(-7) is divided by (9/(-4))/(((-6)/32)/1).
11
Let x(u) = 7*u**3 - 3*u**2 - u + 3. Suppose -2*d = 5*v + 1, 0*d + 7 = 4*d + v. Calculate the remainder when x(d) is divided by 23.
22
Let b = -2 + -1. What is the remainder when 38 is divided by b/3*2 + 15?
12
Let u(d) = d**3 - 11*d**2 - d + 16. Calculate the remainder when 22 is divided by u(11).
2
Let g = -11 + 10. Let l(z) = -31*z**2 - 9*z. Let d(r) = -16*r**2 - 5*r. Let v(x) = 11*d(x) - 6*l(x). Calculate the remainder when 20 is divided by v(g).
9
Let i(g) = -g**3 + 4*g**2 + 1. Let h be i(4). Let s(q) = q**2 - 2*q + 1. Let b be s(h). What is the remainder when 11 is divided by 5 - (2 - (1 + b))?
3
Calculate the remainder when -3 - ((-3)/(-6) + (-129)/6) is divided by 7.
4
Let q be 37/7 + 2/(-7). Suppose -